j - 135. What is the greatest common factor of a and 96?
24
Suppose 5*w + 7 - 37 = 0. Suppose 7 + 23 = w*t. What is the highest common divisor of t and 1?
1
Let t(j) = -12*j + 1. Let s be t(-2). Let g = s - 12. Let k = g + -6. What is the highest common factor of 7 and k?
7
Let y(g) = g + 16. Let p be y(-10). Let u(h) = 2*h - 13. Let k be u(p). Let j = 8 + k. Calculate the highest common divisor of j and 28.
7
Suppose -6*u + 62 - 38 = 0. Suppose 0 = -3*q - 12, -q = u*j - 179 - 321. Calculate the highest common divisor of 18 and j.
18
Suppose t - 3*t + 1717 = 5*d, 0 = 5*t - d - 4252. What is the greatest common factor of t and 23?
23
Let m(y) = -2*y - 2. Let k be m(-4). Let o = 6 + -6. Suppose 74 = 4*q + 2*j, o*q - 86 = -5*q + 4*j. What is the greatest common factor of q and k?
6
Suppose 3*o - 5*o - 3*d + 6 = 0, 0 = 2*o + 2*d - 4. Suppose o*r - 5*r = -20. Suppose -2*t + r - 2 = 0. What is the highest common factor of t and 7?
1
Let u be 54548/390 - (-6)/45. What is the highest common divisor of u and 315?
35
Let f = 54 - -139. Let b = f + -83. Let s = 90 - 46. Calculate the greatest common divisor of s and b.
22
Let m(k) be the second derivative of 7*k**4/12 - 5*k**3/6 - 5*k**2 + 12*k. Let i be m(-3). Let a = i - 39. What is the greatest common divisor of 203 and a?
29
Let t be 27*2 - (-1 + 1). Suppose a + 7*a = 104. Let z(y) = 2*y - 8. Let s be z(a). Calculate the highest common divisor of t and s.
18
Let n be 54 - (72/39 + 12/78). Calculate the highest common divisor of 208 and n.
52
Let x(j) = -j**3 - 6*j**2 + 2*j - 4. Let z be x(-7). Suppose 6 = c - z. What is the greatest common divisor of c and 259?
37
Let p(c) = -c**2 - 3*c + 5. Let r be p(5). Let m = r + 59. Calculate the highest common factor of 16 and m.
8
Suppose 3*b = 2*u, u = 3*b + 2*u. Suppose h + k - 4 = b, -3 - 17 = 4*k. Calculate the highest common factor of 72 and h.
9
Let d be 1 + 1*-2 + (170 - -42). Let q be 4/(-22) + d/11 - 0. Suppose -95 = -5*b - 4*v, 0 = -2*b - b - 2*v + 57. What is the highest common divisor of b and q?
19
Suppose -4*b + 3*b + 7 = 0. Let t = -36 + 36. Let h = t + b. Calculate the highest common divisor of 56 and h.
7
Let l = 35 + -35. Suppose 3*r + 15 - 39 = l. What is the greatest common factor of r and 8?
8
Suppose -4*n + 5*k = -139, 4*n - 2*k + 38 = 5*n. Suppose o = 50 - n. Suppose 0 = -0*a + 2*a - 4. Calculate the highest common divisor of a and o.
2
Let j = -10 - -14. Suppose 0 = -5*u + j*a - 345, 4*u - 3*a + 54 = -222. Let w be (-3)/6 - u/6. What is the highest common factor of 11 and w?
11
Suppose -2*i - 7*i + 36 = 0. Suppose -i*y + 468 = -y. Suppose -43 + 173 = 5*g. Calculate the greatest common factor of y and g.
26
Suppose -n - 3*b + 52 - 9 = 0, -2*n - 3*b + 80 = 0. Calculate the highest common divisor of n and 851.
37
Suppose 0*d - 60 = -c - 2*d, 192 = 3*c + 2*d. Suppose u = 3*u + c. Let q = u - -49. Calculate the highest common factor of 16 and q.
16
Let r = 1861 - 824. Calculate the greatest common divisor of 17 and r.
17
Let w be 1 - (-2 - -3) - -1. Let d(g) = -w + 7*g**2 + 26*g - 26*g. Let n be d(1). What is the greatest common factor of 18 and n?
6
Let d(c) = -7*c**3 - 7*c**2 - 9*c + 7. Let q be d(-3). What is the greatest common factor of q and 4?
4
Suppose 0 = 5*c - 3*l - 1028, -2*c - 3*l + 579 = 151. Let b be 10/(-4)*(1 - 228/20). What is the highest common divisor of c and b?
26
Let b = -34 + 60. Suppose 2*s + b = 4*s. Calculate the greatest common divisor of 117 and s.
13
Suppose -176*w = -188*w + 408. Calculate the highest common divisor of w and 3094.
34
Let f(q) = 16*q - 480. Let b be f(51). Calculate the greatest common factor of 784 and b.
112
Let j be (39/(-26))/(3/(-80)). What is the highest common divisor of j and 25?
5
Suppose 0 = -4*r - 3*w + 265, 4*r + 326 = 9*r + 2*w. Calculate the highest common divisor of r and 176.
16
Let u be 6/(-18) + (-11)/3. Let j be 6*1 - (-7 - u). Let l = 1 - -2. Calculate the greatest common divisor of l and j.
3
Let i be 14/21 - (-7)/3. Suppose 2*x = -2*b + 2 + 14, 2*x = -i*b + 26. Let r be (-2)/(-1) - -17*4. What is the greatest common divisor of b and r?
10
Suppose 1 = 6*o + 7. Let c be o/(-3) - (-44)/3. Calculate the greatest common divisor of 45 and c.
15
Let n be 2 - 17/(85/(-40)). What is the greatest common factor of n and 205?
5
Let r(n) = 1 + 2 - 4 + n + 5*n. Let a be r(16). Let g be a/38*1*16. Calculate the greatest common factor of g and 440.
40
Let w = -139 + 235. Let h = w - -8. Calculate the highest common divisor of 13 and h.
13
Suppose -2*z + 88 = 7*r - 2*r, -64 = -5*r + 4*z. Suppose -16*b = 86 - 342. What is the greatest common factor of b and r?
16
Let r = 31 + -18. Let h be (-1)/(-2)*(r - 11). What is the highest common divisor of 5 and h?
1
Suppose -s + 3*p + 14 = 0, -4 = -4*s + 3*p + 7. Let d be (s/(-2))/((-18)/(-360)). Suppose -41 = -g + d. Calculate the greatest common divisor of g and 17.
17
Suppose -5*j - 6 = 19. Let l(h) = -h**3 - 3*h**2 + 3*h - 3. Let q be l(j). Let t = 288 + -272. What is the greatest common factor of q and t?
16
Let u = -10 + 19. Let p = -3915 - -3918. Calculate the greatest common factor of p and u.
3
Suppose p = 7*p + 234. Let g be 86/10 - (-2 + p/(-15)). What is the greatest common divisor of g and 40?
8
Let w = -1103 + 2372. Calculate the greatest common factor of 9 and w.
9
Suppose -4 - 43 = -z. Calculate the greatest common factor of 423 and z.
47
Let f be (15/9 + -1)*60. Suppose 4*u + u = f. Let m be 140/(-21)*(-42)/5. Calculate the greatest common factor of m and u.
8
Let y be 1 - 3*168/(-9). What is the highest common factor of 399 and y?
57
Let u(w) = w**2 - 6*w - 4. Let b be u(4). Let t be (b/15)/((-14)/105). What is the greatest common factor of t and 78?
6
Suppose -2*n - 2*d = -306, 0 = n - 4*d + 29 - 182. Suppose -51 = -31*l + 28*l. Calculate the highest common divisor of l and n.
17
Let o = -13 - -33. Suppose 2*u = -3*t - 2*u + 37, 5*u - o = 0. Let i = 20 + 36. What is the highest common factor of t and i?
7
Suppose -2 = -2*g - 0*g. Let b be ((-108)/9)/((-1)/12*g). What is the highest common factor of b and 18?
18
Suppose 0 = 97*c - 94*c - 567. What is the greatest common divisor of 7 and c?
7
Let g(s) = 7*s**2 + 16*s + 9. Let p be g(-7). Let t be 3*(p/9 - (4 + 0)). Calculate the highest common factor of 34 and t.
34
Let u be 2/(-9) - (-58)/18. Let k be (-2 + 6)/(u/3). Suppose -i + 2*n + 4 = -4, 4*n - 80 = -k*i. Calculate the highest common divisor of 64 and i.
16
Let l(p) = p + 7. Let w be l(-2). Let n(z) = 6*z**2 - z + 4. Let a be n(3). What is the highest common factor of a and w?
5
Suppose 2*b + 230 = 5*h, -5*b + 184 = 4*h - 2*b. Let k = h - 32. Calculate the greatest common divisor of k and 2.
2
Let a(m) = 2*m**2 + 4*m - 4. Let x be a(-7). Calculate the highest common divisor of x and 176.
22
Let x(l) = 10*l**2 - l - 1. Let z be x(2). Calculate the greatest common factor of z and 185.
37
Let b be (-3 - -25)*4347/42. Calculate the highest common divisor of b and 99.
99
Let g(w) = w**3 - 3*w**2 + 3*w - 4. Let i be g(3). Suppose -i*f - 4 = -3*x, -4*f - 3*x + 14 = f. Calculate the greatest common divisor of 5 and f.
1
Suppose -54 = -4*q - 4*k + 1170, -4*q = k - 1230. Let g = 22 + 50. Suppose 3*s - 12 = g. What is the highest common divisor of s and q?
28
Let x(b) = -58*b**3 + 4*b**2 + b - 7. Let h(n) = -n**3. Let k(v) = -3*h(v) - x(v). Let p be k(2). Calculate the highest common divisor of 53 and p.
53
Let c(j) = j**3 - j**2 + j + 105. Let p be c(0). Let x be (4*75/80)/(-3 - 175/(-56)). Calculate the greatest common divisor of p and x.
15
Suppose 4*n - 9 = 31. Suppose -n*t + 635 = -565. What is the greatest common factor of t and 48?
24
Suppose -25*v + 46 = -23*v. What is the highest common factor of 46 and v?
23
Let x = 9 - 6. Suppose 7*i = x*i - 36. Let j = i - -15. Calculate the greatest common factor of 6 and j.
6
Suppose 12*y - 387 = 3513. Calculate the greatest common factor of 50 and y.
25
Suppose -43*s + 671 = -2253. What is the highest common divisor of s and 272?
68
Let x(h) = -233 + 129 + 3*h + 115. Let y be x(3). What is the highest common divisor of 10 and y?
10
Suppose 315 = -11*w + 4*w. Let v = w - -58. What is the greatest common factor of v and 117?
13
Let m(l) = l**3 - l - 1. Let v be m(2). Suppose 171 = v*i - 